 a(h)?
1
What is the units digit of (-113 - 10/5)*(2 + -3)?
5
Let t = -1 + 2. Let u(z) = -z + 2. Let c(j) = 3*j - 5. Let i(r) = 3*c(r) + 7*u(r). What is the units digit of i(t)?
1
Let f(i) = i**3 + 7*i**2 - 8*i - 10. Let h be f(-7). Suppose 0 = 3*x - 29 - h. What is the tens digit of x?
2
Suppose 6*i - 2*i = 200. Suppose 7*p - 12*p + i = 0. What is the tens digit of p?
1
Suppose -2*b = -8*b + 2028. What is the hundreds digit of b?
3
Let u = -11 + 14. Suppose -38 = -4*v + 5*x, 3*v + 5*x = 24 + 22. Suppose -7*f + v = -u*f. What is the units digit of f?
3
Let p(x) = 4*x**2 - 6*x - 4. Let v be p(-4). Suppose 4*q - v + 16 = 0. What is the units digit of 4/(-6) + q/3?
5
Let h = -14 + 2. Let o = h - -26. What is the tens digit of o?
1
Let b be (-2)/9 + 0 + 76/18. Suppose -4*k + 5*y + 82 + 114 = 0, 0 = -5*k - y + 274. Suppose b*u - k = 6. What is the tens digit of u?
1
Let z(j) = 12*j. Let g be z(-1). Let s = -7 - g. Suppose s*k = -4*p + 17, -5*k = -6 + 1. What is the units digit of p?
3
Suppose 4*d + 202 = 5*v + 7*d, -2*v - 4*d + 92 = 0. What is the units digit of v?
8
Suppose z + 25 - 27 = 0. Let q(s) = s**2 - s - 1. Let j(v) = 5*v**2 - 5*v - 5. Let d(u) = 2*j(u) - 9*q(u). What is the units digit of d(z)?
1
Let n = 15 - 13. Suppose 4*a = -3*c + 59, -5*c + n*a = -3*c - 30. What is the tens digit of c?
1
Let d(b) = b**2 + 5*b - 14. Let m be d(-7). Let y = m - -32. What is the tens digit of y?
3
Suppose 0 = -2*l + 4*l - 46. Let b = l - 11. What is the tens digit of b?
1
Let f = 141 - -30. What is the tens digit of f?
7
Suppose -5*a + 3 = -17. Suppose 4*f + 4*s = -f + 85, f + 7 = a*s. What is the units digit of f?
3
Let u = 61 + -42. Suppose 4*a - u = -55. What is the units digit of (-6)/a*1*6?
4
Let y(g) = -g - 3. Let h be y(0). Let z = h - -6. Suppose -z*v + 4*j = -18, 4*v + 0*j = 3*j + 17. What is the units digit of v?
2
Suppose 3*h - 3*u - 462 = 0, 0*h - 3*u = -5*h + 772. What is the units digit of h?
5
Suppose -4*i = -68 - 24. What is the units digit of i?
3
Let d = 55 - 28. What is the tens digit of d?
2
Suppose -317 = -4*s + 3*v, -s - 254 = -4*s - v. What is the units digit of s?
3
Let p(z) = -z**3 + 5*z**2 + 6*z + 4. Let u be p(6). Suppose -b - 1 = -2*h, h + 11 - 1 = u*b. What is the units digit of h?
2
Let n be (-4 + 1)*(-14)/6. Let w be (-2 - 1) + 2 - -1. Let d = n + w. What is the units digit of d?
7
Let w(y) = -2*y**3 - y**2 - 5*y - 5. What is the units digit of w(-2)?
7
Suppose 0 = 2*q + 2 - 4. What is the units digit of q?
1
Let o = -60 + 86. Suppose -d = -3*d + o. What is the units digit of d?
3
Let n(l) = -l**2 - 7*l - 3. Let d be n(-6). Let m(v) = 3*v + 3. What is the units digit of m(d)?
2
Suppose 3*s + 3*q + 0*q - 45 = 0, -q = -3*s + 61. What is the tens digit of s?
1
Suppose n + 354 = 765. What is the units digit of n?
1
Suppose 4*g = -4*m + 16, 4*m - 20 = -4*g - m. Suppose g*l = -2*l + 18. What is the units digit of l?
9
Suppose 2*f = -67 + 397. What is the tens digit of f?
6
Let b(g) = -2*g - 3. Let d be b(-2). Let s(f) = 1 + d + f + 8. What is the units digit of s(-8)?
2
Suppose 0*d + 4*d = 16. Let b = d - -10. What is the tens digit of b?
1
Let m(s) = 4*s**2 - 5*s - 8. Let a be m(6). Let r = -76 + a. What is the units digit of r?
0
Suppose 0 = -2*y + 2 + 2. Suppose -150 = -y*g - 3*g. What is the tens digit of g?
3
What is the tens digit of (5 - 2) + 51 + 1?
5
Suppose 2 = -k + 3*k. Let s(j) = 32*j - 1. What is the units digit of s(k)?
1
Let i(o) = -3*o - 1. Let l be i(-1). Suppose -l*g + 9 - 2 = 3*f, g = -2*f + 3. What is the units digit of g?
5
Suppose -3*z - 4*c = -3*c - 428, c + 144 = z. What is the hundreds digit of z?
1
Let x(p) = 4*p**2 - 2*p - 18. What is the hundreds digit of x(8)?
2
Suppose 2*s = r + r - 2, 0 = 2*s - 8. Let p be (-70)/21*(-36)/r. Suppose -2*o + p = -0*o. What is the tens digit of o?
1
Let k(z) = -z**2 - 8*z - 1. Let x = -19 - -12. Let o be k(x). Suppose 2*r = -r - 2*m + 10, -2*m = -5*r + o. What is the units digit of r?
2
Suppose 5*j = -5*i + 795, -2*i - 5*j + 469 = i. Suppose 39 = u + s, -5*u + 2*s + s = -i. What is the units digit of u?
5
Suppose 5*t - 4*a - 585 = -0*a, 5*t - 600 = a. What is the tens digit of t?
2
Let o(m) be the first derivative of m**4/4 + 4*m**3/3 - m**2 - m - 10. What is the units digit of o(2)?
9
Suppose -4 = 2*c - 0*c. Let l = 2 - c. Suppose -u - 3*h = u, 3*u - l*h = 17. What is the units digit of u?
3
Let k = 23 + -12. Let s = -9 + k. What is the units digit of s?
2
Suppose -4*s = -5*s + 3. Suppose -o + s*o = 32. What is the units digit of o?
6
Let i = 2 + 8. What is the units digit of 44/10 - i/25?
4
What is the units digit of ((-24)/3)/(1/(-3))?
4
Suppose 0 = -3*g - 2*g. Let t(s) = -s**2 - s - 9. Let y be t(g). What is the units digit of -4*(0 - y/(-12))?
3
Suppose y = 4*y. Suppose -2*h + 31 = x, -4*h + 3*x - x + 82 = y. What is the units digit of h?
8
Let r be (-1 + 2)/(1/2). Let l be ((-1 + 1)/(-1))/r. Let t = l + 1. What is the units digit of t?
1
Suppose -3*f + 0*f = -18. Suppose 0*s + 6 = -2*s. Let q = s + f. What is the units digit of q?
3
Suppose 7 + 8 = k. What is the units digit of k?
5
Let k(i) = 4*i**2 + 2*i + 2. Let s(q) = -3*q**2 - q - 1. Let a(y) = 4*k(y) + 5*s(y). What is the tens digit of a(3)?
2
Let i = 16 + 3. Suppose 2*o - i = 3. What is the tens digit of o?
1
Let x = 216 + -110. What is the tens digit of x?
0
Let s(x) = -4*x - 19. Let y be s(-6). Let j(z) = -3 - 1 + 0 + z. What is the units digit of j(y)?
1
Let n(r) = r**2 + 10*r - 8. What is the units digit of n(6)?
8
What is the units digit of ((-1)/(-1) + -41)/(-2)?
0
Suppose 5*k = 5*p - 6 - 34, 0 = -p - 4*k + 8. Let t = p + -32. Let o = -17 - t. What is the units digit of o?
7
Let n be 1 - (1/(-1) + -1). Suppose -n*d = -2*v, -4 = -v - 1. What is the units digit of ((-8)/(-6))/(d/3)?
2
Let x(q) = 3*q**2 - 6*q - 8. Suppose 3*l + 2 - 20 = 0. Let j be x(l). Suppose -2*y = -5*p - 6*y + j, -3*p - y + 37 = 0. What is the tens digit of p?
1
Let s(o) = o**3 - o**2 + 2*o - 2. Let h be s(2). Let t = h + 11. What is the units digit of t?
7
Let l(u) = -6*u**2 - u. Let w be l(-1). Let h be (18/12)/((-6)/(-28)). Let z = h + w. What is the units digit of z?
2
Suppose -23 - 13 = -u. What is the units digit of u?
6
Suppose -4*y - 2*u = -6*u - 120, y - 4*u - 30 = 0. What is the tens digit of y?
3
Let h(a) = -a + 1. Let k(r) = -4*r + 2. Let m(x) = -14*h(x) + 4*k(x). Let w be m(-6). What is the units digit of 10/(-15) - (-34)/w?
5
Let n = -29 + 39. What is the tens digit of n?
1
Suppose -4*z = 4*j - 64, -23 - 20 = -3*z - 4*j. What is the units digit of z?
1
Suppose 0 = -4*y - 221 + 69. Let d = y + 64. What is the units digit of d?
6
What is the tens digit of (-4)/18 - 7/((-189)/1518)?
5
Let p = 329 + -83. What is the tens digit of p?
4
Suppose w = -5*a + 10, 0*w + 26 = w + a. What is the units digit of (-134)/(-10) + (-12)/w?
3
Let m(r) = -r**3 + r**2. Let i(u) = -4*u**3 + 8*u**2 - 3*u. Let t(l) = i(l) - 5*m(l). What is the units digit of t(-3)?
9
Suppose -26 - 38 = -4*x. Suppose 4*c + 4*i + 2 = 5*c, i - 9 = 5*c. Let j = x - c. What is the tens digit of j?
1
Suppose -46 + 2 = -4*f. What is the tens digit of f?
1
Suppose 10*s = -281 + 2011. What is the hundreds digit of s?
1
What is the units digit of (-2)/(-4)*(194 - -4)?
9
Let f = -9 - -5. What is the tens digit of 170/15 - f/6?
1
Suppose -322 - 8 = -5*s. What is the tens digit of s?
6
Suppose 3*f - 76 = -f. Suppose 4*z = -0*n - 5*n + 39, 3*n - f = -2*z. What is the tens digit of z?
1
Let k = 16 - -8. What is the tens digit of k?
2
Let g be -1*(-1 - 4/2). Suppose 15 = -4*u - u, g*l + 3*u - 27 = 0. Let c = 20 - l. What is the units digit of c?
8
Suppose -3*t - 8 = -86. Let g = 38 - t. What is the tens digit of g?
1
Suppose 648 = -z + 10*z. What is the units digit of z?
2
Suppose 1 - 12 = -c. Suppose -4*d - 4*f + 49 = -c, 0 = -2*f + 10. What is the units digit of d?
0
Let z(s) = s. Let g be z(3). Suppose -g*i = p - i - 3, 4*p - 48 = 4*i. What is the units digit of p?
9
What is the units digit of 36/17 - 4/34?
2
Suppose -4*h = 24 + 8. What is the units digit of -2*2*6/h?
3
Suppose 2*s - b = 98, s - 239 = -4*s + 4*b. What is the units digit of s?
1
Suppose n + 6 = 3*n. Let p be 0 + 0 - n - 19. Let f = p - -36. What is the tens digit of f?
1
Let f = 7 - -43. What is the te